{"id":255,"date":"2020-05-17T09:42:35","date_gmt":"2020-05-17T07:42:35","guid":{"rendered":"http:\/\/www.gummi-matech.com\/WP\/?page_id=255"},"modified":"2023-03-15T11:57:00","modified_gmt":"2023-03-15T10:57:00","slug":"start","status":"publish","type":"page","link":"https:\/\/www.gummi-matech.com\/","title":{"rendered":"Start"},"content":{"rendered":"\n\t<section class=\"section hero\" id=\"section_738119925\">\n\t\t<div class=\"bg section-bg fill bg-fill  bg-loaded\" >\n\n\t\t\t\n\t\t\t\n\t\t\t\n\n\t\t<\/div>\n\n\t\t\n\n\t\t<div class=\"section-content relative\">\n\t\t\t\n\n<div class=\"row row-collapse\"  id=\"row-845091515\">\n\n\n\t<div id=\"col-135583257\" class=\"col small-12 large-12\"  >\n\t\t\t\t<div class=\"col-inner\"  >\n\t\t\t\n\t\t\t\n\n<div class=\"slider-wrapper relative\" id=\"slider-1415697795\" >\n    <div class=\"slider slider-nav-circle slider-nav-large slider-nav-light slider-style-normal\"\n        data-flickity-options='{\n            \"cellAlign\": \"center\",\n            \"imagesLoaded\": true,\n            \"lazyLoad\": 1,\n            \"freeScroll\": false,\n            \"wrapAround\": false,\n            \"autoPlay\": false,\n            \"pauseAutoPlayOnHover\" : true,\n            \"prevNextButtons\": false,\n            \"contain\" : true,\n            \"adaptiveHeight\" : true,\n            \"dragThreshold\" : 10,\n            \"percentPosition\": true,\n            \"pageDots\": false,\n            \"rightToLeft\": false,\n            \"draggable\": false,\n            \"selectedAttraction\": 0.1,\n            \"parallax\" : 0,\n            \"friction\": 0.6        }'\n        >\n        \n\n\t<div class=\"img has-hover x md-x lg-x y md-y lg-y\" id=\"image_326209797\">\n\t\t\t\t\t\t\t\t<div class=\"img-inner image-cover dark\" style=\"padding-top:455px;\">\n\t\t\t<img loading=\"lazy\" decoding=\"async\" width=\"960\" height=\"459\" src=\"https:\/\/www.gummi-matech.com\/wp-content\/uploads\/2020\/05\/1142.jpg\" class=\"attachment-large size-large\" alt=\"\" srcset=\"https:\/\/www.gummi-matech.com\/wp-content\/uploads\/2020\/05\/1142.jpg 960w, https:\/\/www.gummi-matech.com\/wp-content\/uploads\/2020\/05\/1142-300x143.jpg 300w, https:\/\/www.gummi-matech.com\/wp-content\/uploads\/2020\/05\/1142-768x367.jpg 768w\" sizes=\"auto, (max-width: 960px) 100vw, 960px\" \/>\t\t\t\t\t\t\n\t\t\t\t\t<\/div>\n\t\t\t\t\t\t\t\t\n<style>\n#image_326209797 {\n  width: 100%;\n}\n<\/style>\n\t<\/div>\n\t\n\n\n     <\/div>\n\n     <div class=\"loading-spin dark large centered\"><\/div>\n\n     \t<\/div>\n\n\n\n\t\t<\/div>\n\t\t\t\t\t<\/div>\n\n\t\n\n<\/div>\n\n\t\t<\/div>\n\n\t\t\n<style>\n#section_738119925 {\n  padding-top: 0px;\n  padding-bottom: 0px;\n}\n#section_738119925 .ux-shape-divider--top svg {\n  height: 150px;\n  --divider-top-width: 100%;\n}\n#section_738119925 .ux-shape-divider--bottom svg {\n  height: 150px;\n  --divider-width: 100%;\n}\n<\/style>\n\t<\/section>\n\t\n\t<section class=\"section main hbox\" id=\"section_1545765000\">\n\t\t<div class=\"bg section-bg fill bg-fill  bg-loaded\" >\n\n\t\t\t\n\t\t\t\n\t\t\t\n\n\t\t<\/div>\n\n\t\t\n\n\t\t<div class=\"section-content relative\">\n\t\t\t\n\n<div class=\"row\"  id=\"row-905747635\">\n\n\n\t<div id=\"col-1521831699\" class=\"col medium-4 small-12 large-4\"  >\n\t\t\t\t<div class=\"col-inner\"  >\n\t\t\t\n\t\t\t\n\n<h3>\u00dcber uns<\/h3>\n\t<div class=\"box has-hover   has-hover box-text-bottom\" >\n\n\t\t<div class=\"box-image\" >\n\t\t\t\t\t\t<div class=\"image-cover\" style=\"padding-top:131px;\">\n\t\t\t\t<img loading=\"lazy\" decoding=\"async\" width=\"960\" height=\"459\" src=\"https:\/\/www.gummi-matech.com\/wp-content\/uploads\/2020\/05\/1126.jpg\" class=\"attachment- size-\" alt=\"\" srcset=\"https:\/\/www.gummi-matech.com\/wp-content\/uploads\/2020\/05\/1126.jpg 960w, https:\/\/www.gummi-matech.com\/wp-content\/uploads\/2020\/05\/1126-300x143.jpg 300w, https:\/\/www.gummi-matech.com\/wp-content\/uploads\/2020\/05\/1126-768x367.jpg 768w\" sizes=\"auto, (max-width: 960px) 100vw, 960px\" \/>\t\t\t\t\t\t\t\t\t\t\t<\/div>\n\t\t\t\t\t<\/div>\n\n\t\t<div class=\"box-text text-left\" >\n\t\t\t<div class=\"box-text-inner\">\n\t\t\t\t\n\n<p>Die MaTech GmbH ist spezialisiert auf den Bau von Maschinen, Elektrotechnik und F\u00f6rdertechnik auf dem Gebiet der Gummiherstellung und Gummiverarbeitung.<\/p>\n<p><a href=\"http:\/\/www.gummi-matech.com\/?page_id=256\" data-wplink-url-error=\"true\">\u25a0 weiter<\/a><\/p>\n\n\t\t\t<\/div>\n\t\t<\/div>\n\t<\/div>\n\t\n\n\t\t<\/div>\n\t\t\t\t\t<\/div>\n\n\t\n\n\t<div id=\"col-82771077\" class=\"col medium-4 small-12 large-4\"  >\n\t\t\t\t<div class=\"col-inner\"  >\n\t\t\t\n\t\t\t\n\n<h3>Leistungen<\/h3>\n\t<div class=\"box has-hover   has-hover box-text-bottom\" >\n\n\t\t<div class=\"box-image\" >\n\t\t\t\t\t\t<div class=\"image-cover\" style=\"padding-top:131px;\">\n\t\t\t\t<img loading=\"lazy\" decoding=\"async\" width=\"564\" height=\"262\" src=\"https:\/\/www.gummi-matech.com\/wp-content\/uploads\/2020\/05\/1019@2x.jpg\" class=\"attachment- size-\" alt=\"\" srcset=\"https:\/\/www.gummi-matech.com\/wp-content\/uploads\/2020\/05\/1019@2x.jpg 564w, https:\/\/www.gummi-matech.com\/wp-content\/uploads\/2020\/05\/1019@2x-300x139.jpg 300w\" sizes=\"auto, (max-width: 564px) 100vw, 564px\" \/>\t\t\t\t\t\t\t\t\t\t\t<\/div>\n\t\t\t\t\t<\/div>\n\n\t\t<div class=\"box-text text-left\" >\n\t\t\t<div class=\"box-text-inner\">\n\t\t\t\t\n\n<p>Wir bieten umfassende After-Sales-Betreuung bis hin zur Wartung der Maschinen, auch f\u00fcr Fremdfabrikate an. Die \u00dcberholung und Optimierung von kundeneigenen Maschinen sowie die Beschaffung von gebrauchten Maschinen f\u00fcr die Gummiverarbeitung und Gummiherstellung sind weitere Schwerpunkte.<\/p>\n<p><a href=\"http:\/\/www.gummi-matech.com\/?page_id=257\" data-wplink-url-error=\"true\">\u25a0 weiter<\/a><\/p>\n\n\t\t\t<\/div>\n\t\t<\/div>\n\t<\/div>\n\t\n\n\t\t<\/div>\n\t\t\t\t\t<\/div>\n\n\t\n\n\t<div id=\"col-1077500400\" class=\"col medium-4 small-12 large-4\"  >\n\t\t\t\t<div class=\"col-inner\"  >\n\t\t\t\n\t\t\t\n\n<h3>Maschinenbau<\/h3>\n\t<div class=\"box has-hover   has-hover box-text-bottom\" >\n\n\t\t<div class=\"box-image\" >\n\t\t\t\t\t\t<div class=\"image-cover\" style=\"padding-top:131px;\">\n\t\t\t\t<img loading=\"lazy\" decoding=\"async\" width=\"564\" height=\"262\" src=\"https:\/\/www.gummi-matech.com\/wp-content\/uploads\/2020\/05\/1021@2x.jpg\" class=\"attachment- size-\" alt=\"\" srcset=\"https:\/\/www.gummi-matech.com\/wp-content\/uploads\/2020\/05\/1021@2x.jpg 564w, https:\/\/www.gummi-matech.com\/wp-content\/uploads\/2020\/05\/1021@2x-300x139.jpg 300w\" sizes=\"auto, (max-width: 564px) 100vw, 564px\" \/>\t\t\t\t\t\t\t\t\t\t\t<\/div>\n\t\t\t\t\t<\/div>\n\n\t\t<div class=\"box-text text-left\" >\n\t\t\t<div class=\"box-text-inner\">\n\t\t\t\t\n\n<p>Die Entwicklung unserer Maschinen f\u00fcr die Gummiverarbeitung und Gummiherstellung erfolgt in enger Zusammenarbeit individuell mit unseren Auftraggebern und f\u00fcr Sie, von der Projektentwicklung bis zur Inbetriebnahme als Turn-Key-Projekt.<\/p>\n<p><a href=\"http:\/\/www.gummi-matech.com\/?page_id=258\" data-wplink-url-error=\"true\">\u25a0 weiter<\/a><\/p>\n\n\t\t\t<\/div>\n\t\t<\/div>\n\t<\/div>\n\t\n\n\t\t<\/div>\n\t\t\t\t\t<\/div>\n\n\t\n\n<\/div>\n\n\t\t<\/div>\n\n\t\t\n<style>\n#section_1545765000 {\n  padding-top: 30px;\n  padding-bottom: 30px;\n}\n#section_1545765000 .ux-shape-divider--top svg {\n  height: 150px;\n  --divider-top-width: 100%;\n}\n#section_1545765000 .ux-shape-divider--bottom svg {\n  height: 150px;\n  --divider-width: 100%;\n}\n<\/style>\n\t<\/section>\n\t\n\n","protected":false},"excerpt":{"rendered":"","protected":false},"author":1,"featured_media":0,"parent":0,"menu_order":0,"comment_status":"closed","ping_status":"closed","template":"","meta":{"footnotes":""},"class_list":["post-255","page","type-page","status-publish","hentry"],"_links":{"self":[{"href":"https:\/\/www.gummi-matech.com\/index.php?rest_route=\/wp\/v2\/pages\/255","targetHints":{"allow":["GET"]}}],"collection":[{"href":"https:\/\/www.gummi-matech.com\/index.php?rest_route=\/wp\/v2\/pages"}],"about":[{"href":"https:\/\/www.gummi-matech.com\/index.php?rest_route=\/wp\/v2\/types\/page"}],"author":[{"embeddable":true,"href":"https:\/\/www.gummi-matech.com\/index.php?rest_route=\/wp\/v2\/users\/1"}],"replies":[{"embeddable":true,"href":"https:\/\/www.gummi-matech.com\/index.php?rest_route=%2Fwp%2Fv2%2Fcomments&post=255"}],"version-history":[{"count":16,"href":"https:\/\/www.gummi-matech.com\/index.php?rest_route=\/wp\/v2\/pages\/255\/revisions"}],"predecessor-version":[{"id":407,"href":"https:\/\/www.gummi-matech.com\/index.php?rest_route=\/wp\/v2\/pages\/255\/revisions\/407"}],"wp:attachment":[{"href":"https:\/\/www.gummi-matech.com\/index.php?rest_route=%2Fwp%2Fv2%2Fmedia&parent=255"}],"curies":[{"name":"wp","href":"https:\/\/api.w.org\/{rel}","templated":true}]}}